 = -g - r, 0 = -g + 5*r - 1. What is the tens digit of g?
1
Let f(p) = -p**2 - 10*p + 2. Let m be f(-7). Let q = m + -8. What is the units digit of q?
5
Let v(n) = -53*n - 6. What is the tens digit of v(-2)?
0
Let x = 693 + -446. What is the hundreds digit of x?
2
Let u(i) = -2*i**3 + 3*i**2 + 3*i + 2. Let x be u(-2). Suppose 0 = 4*k + 4*a - x, -3*a - 10 = 5*k - 8*a. What is the units digit of (k/4)/(2/4)?
1
Let t = -405 - -681. What is the tens digit of t?
7
Suppose 2*s - 53 = s - 2*f, -177 = -4*s - f. What is the units digit of s?
3
Let j(v) = v**2 - 5. Let n be j(3). Suppose n + 5 = m. What is the units digit of m?
9
Let w(b) = 3*b**2 + 25*b - 21. What is the tens digit of w(-12)?
1
What is the tens digit of (8/6)/((-20)/(-1230))?
8
Let z = -11 + 15. Let c(u) = -5*u**2 + 2*u + 6. Let h(n) = -6*n**2 + 2*n + 7. Let p(t) = z*h(t) - 5*c(t). What is the units digit of p(-2)?
6
Let y(t) = -4*t**2 + 2*t + 8. Let u(d) = -3*d**2 + d + 7. Let w be 3/(-2)*(-4)/(-2). Let x(f) = w*u(f) + 2*y(f). What is the units digit of x(-4)?
7
Let x be 28/5 + 16/40. Suppose -8*f + 36 = -x*f. What is the units digit of f?
8
Let l be 2 + 21/(-3) + -1. What is the units digit of (-6)/((-3)/l + -2)?
4
Let v(r) = -r**3 + 10*r**2 - 9*r - 4. Let z be v(9). Let u(s) = -1 + 2 - s - 3. What is the units digit of u(z)?
2
Suppose 7*m = 2*m + 95. What is the units digit of m?
9
Let h = -111 - -343. What is the hundreds digit of h?
2
Let a be 2/(-8) - 15/4. What is the tens digit of (a/(-3) + -2)*-60?
4
Let b = 37 + -33. What is the units digit of b?
4
Let d(w) = 3*w + 3*w + 3 - 14*w - w**2. Let j(p) = -p**2 - p + 5. Let g be j(-4). What is the tens digit of d(g)?
1
What is the tens digit of (-166)/(-4) + 3/(-2) + 1?
4
Suppose l + 3*l = -96. Let v be (-4)/(-22) + l/11. What is the units digit of (-54)/v*(-1)/(-3)?
9
Let d(v) = 0*v + 6 - v**2 - v**3 - 5*v + 6*v**2. Let b be d(4). Suppose -3*m + 8 = -b*j, m + 4*m + 4*j - 28 = 0. What is the units digit of m?
4
Let r(y) = y**3 - 15*y**2 - 12*y - 9. What is the units digit of r(16)?
5
Suppose -2*m = -0*m. Suppose m = -5*x + 5*w - 10, -4*x + w = -2 + 1. Suppose 5*f = 4 + x. What is the units digit of f?
1
Let c be 2/(-3) + (-8)/(-12). Suppose -d - 4*t = -0*t + 21, c = 5*t + 25. Let u(h) = 2*h**2 - 2*h - 1. What is the units digit of u(d)?
3
Suppose 0*j + 8 = -4*j. Let f = j + 3. What is the units digit of f?
1
What is the units digit of (-459)/(-12) + 2/(-8)?
8
What is the units digit of (-4)/(-30) - -2548*(-5)/(-75)?
0
Suppose k = 2*a - 0*k - 21, 20 = 2*a - 2*k. Let y = a + -9. What is the units digit of y?
2
Suppose 0 = -4*p - 11 - 13. Let g = p + 4. What is the units digit of 18/(-2 + g + 6)?
9
Let d(p) = 7*p + 6. Let y(t) = -57*t - 48. Let l(g) = -33*d(g) - 4*y(g). Let b be l(-4). Suppose 0 = 2*q - 0*q - b. What is the units digit of q?
3
Let v = 15 + -11. Suppose -2*y + 14 = v. Suppose 0 = -y*p + 15. What is the units digit of p?
3
Let o(j) = j**3 + 7*j**2 + 5*j - 5. Let s be o(-5). Suppose u + u - s = 0. What is the units digit of u?
0
Let p be 3/(-9) + (-182)/(-6). Let t = 1 + p. Let l = t + -19. What is the tens digit of l?
1
Let b = 6 - 1. Let w be (b + -1)*6/(-12). What is the units digit of -1 - ((-21)/3 + w)?
8
Let z = 10 + -7. Let d = 4 + 7. Suppose -z*o + 34 + d = 0. What is the tens digit of o?
1
Let y(n) = -n**2 + 15*n - 15. What is the units digit of y(12)?
1
Suppose 1 = -p + 8. What is the tens digit of (p - 11)/((-1)/3)?
1
Suppose 6*u + 8 = 8*u. Suppose -f + 1 = -3*z - 9, -4*f + 56 = -u*z. What is the units digit of f?
6
Suppose -2*n - 3*n = -5*o - 80, -3*n = -5*o - 58. Let y = 4 + n. What is the units digit of y?
5
Suppose -4*r + g - 30 = -5*r, 12 = -4*g. What is the tens digit of r/(-2)*32/(-24)?
2
Suppose 4*l - 5*y - 62 = 0, -4*l + 4*y + 64 = -0*y. What is the units digit of l?
8
Let a(j) = 5*j + 1. Let i be a(1). Let v be i/4*(2 + 0). Let x = -1 + v. What is the units digit of x?
2
Let b(a) = a**2 + 3*a. Let v be b(-4). Let c = 8 + v. What is the units digit of (2 - 0)/(8/c)?
3
Let s(o) = o**2 + 5. Let h(r) = -r - 4. Let l(n) = n + 5. Let w(u) = -5*h(u) - 4*l(u). Let t be w(0). What is the units digit of s(t)?
5
Let u = 2 + -1. Suppose -2*g + 3 = -u. Suppose 5*c + g = 32. What is the units digit of c?
6
Suppose 0 = w - 3*w + 28. Let p = w - -19. What is the tens digit of p?
3
Let h(o) = -6*o**2 - 7*o + 9. Let k(c) = -3*c**2 - 4*c + 5. Let l(v) = -3*h(v) + 5*k(v). What is the tens digit of l(2)?
1
Suppose 3*g + 0*g - 9 = 0. Suppose -3*t = g*x - 7*x + 99, -5*x + 129 = -2*t. What is the units digit of x?
7
Suppose 9 - 21 = 4*a, -2*s = -5*a - 91. What is the tens digit of s?
3
Let q = -9 + 18. Suppose -q*h + 4*h + 75 = 0. What is the units digit of h?
5
What is the units digit of ((-3 - -26) + -4)*8?
2
Suppose 16*q - 13*q - 12 = 0. Suppose -5*i + 30 = -5*s, -q*i - 2*s = 3*s - 15. What is the units digit of i?
5
Suppose 151 = 2*l + 55. What is the units digit of l?
8
Let x(d) = d**2 + 4*d + 2. Let g be x(-6). Let z = 26 - g. What is the tens digit of z?
1
Suppose 2*f - 6*f = 36. Let p = 48 + -30. What is the units digit of 148/p - (-2)/f?
8
Let a = -2 - -5. Suppose 5*o + 7 = -2*r + 31, -14 = -2*o - a*r. What is the units digit of o?
4
Let q(f) = -5*f + 3. Let k = 16 + -18. What is the tens digit of q(k)?
1
Let r(y) = 39*y. Let v be r(1). Suppose -d - b + 10 = 0, v = d + 5*b + 13. Suppose -d = z - 2*z. What is the units digit of z?
6
Let z be 109 - ((0 - 1) + 2). Suppose -18 = 2*t - z. What is the units digit of t?
5
Suppose 0 = 83*a - 81*a - 4. Let u = 25 + 11. Suppose -2*p + 8 = 2*r - 12, 5*p - a*r - u = 0. What is the units digit of p?
8
Let j(o) = o - 8. Let h be j(11). Suppose 78 = h*t - 45. Let d = t - 23. What is the units digit of d?
8
Let r = 14 - -64. What is the units digit of r?
8
Suppose 4*j = -2*l - 39 - 29, 0 = -4*l - 16. Let i = 41 + j. What is the tens digit of i?
2
Let t(m) = -3*m**3 - 4*m**2 + 3*m - 1. Let g be t(2). Let r be (g - -1*2) + -1. Let y = -24 - r. What is the tens digit of y?
1
What is the tens digit of (-10)/(-4)*(2*-22)/(-1)?
1
Suppose 0*j = 5*j - 15. Suppose -j*l + 23 = -4. What is the units digit of l?
9
Let f(s) = -s**3 - 7*s**2 + 13*s - 15. What is the tens digit of f(-9)?
3
Suppose -2*o + 10 = -r - 5*o, 5*o = -4*r - 12. Suppose g = -r*g + 66. What is the units digit of g?
2
Let v(g) = g - 7. Let t be v(7). What is the units digit of (-1)/((-2)/28 - t)?
4
Let k(s) = 15*s. Let v be k(1). What is the units digit of (v - -4) + (0 - 2)?
7
Let o(s) = s**3 + 14*s**2 + 11*s - 6. Let v be o(-13). Suppose -v = -4*k, -4*l + k + 19 = -40. What is the tens digit of l?
1
Let l = 7 + -4. Let n(m) = -m**2 + 13*m + 19. Let d be n(14). Suppose 2*j - d = -l. What is the units digit of j?
1
Suppose -88 = -0*z - 4*z. What is the tens digit of z?
2
Let a be ((-6)/(-4))/(3/(-6)). What is the units digit of -18*2*a/12?
9
Let r(k) = k**3 + 6*k**2 - k - 5. Suppose 5 = -3*y - q - 10, 4*q + 18 = -5*y. What is the units digit of r(y)?
1
Suppose 2*h = -3*h + 100. Suppose h = 5*i + 45. Let l(k) = -2*k. What is the units digit of l(i)?
0
Let v = 51 + -17. Let p = 8 + v. What is the tens digit of p?
4
Let a = 9 + 1. What is the units digit of a?
0
What is the units digit of 12/(-15)*(-5)/2?
2
Let j(f) = f - 1. Let c be j(13). Suppose c = l - 3. What is the units digit of l?
5
Suppose 0 = 4*h + 3 - 71. What is the tens digit of h?
1
Suppose 2*o - 3*o + 1 = 0. Let k be 0/(1/(-1)*o). Suppose k = -2*m + 5*m - 24. What is the units digit of m?
8
Suppose -1705 - 843 = -14*o. What is the hundreds digit of o?
1
Let r be ((-1)/(-2))/((-4)/56). Let v = 16 - r. What is the tens digit of v?
2
Let l = -8 + 20. Let w = l + -7. Suppose -5*t + t + 2*j = -40, -2*j + 41 = w*t. What is the units digit of t?
9
Suppose 0 = -3*m + f + 58, 3*m - 68 = -6*f + 2*f. What is the units digit of m?
0
Suppose -11*n = -14*n + 261. What is the units digit of n?
7
Let s = 42 + -21. What is the tens digit of s?
2
Let q be ((-1)/2 - 0)*-6. Suppose -b + 5 = -0*b - 2*g, 15 = q*b - 4*g. Let a = b - 2. What is the units digit of a?
3
Let i(o) = o**2 + 10*o + 3. Let s be i(-10). Suppose 5*x - h - 36 = 0, -9 = s*x - 2*h - 25. What is the units digit of x?
8
What is the hundreds digit of (-24)/15 + 2 + 728/5?
1
Suppose -18*b + 2698 = 466. What is the